b(-48)?
-3225
Let n(u) = -9*u**2 + 162*u - 407. What is n(14)?
97
Let m(b) = 27207*b + 1387571. Calculate m(-51).
14
Let v(o) = o**3 + 126*o**2 - 5474*o - 5443. Calculate v(-160).
-3
Let w(s) = -2611*s - 2226. Give w(-1).
385
Let t(m) = 2*m**2 - 243*m - 161. Give t(123).
208
Let a(x) = -x**3 - 36*x**2 - 52*x - 406. Give a(-29).
-4785
Let b(v) = 5*v**3 - 11*v**2 + 27*v + 177. Determine b(6).
1023
Let w(p) = -372*p**2 - 512*p + 517. Give w(1).
-367
Let j(b) = 292*b**2 + 1143*b - 1582. What is j(-5)?
3
Let w(x) = -6861*x - 2909106. Calculate w(-424).
-42
Let d(k) = -k**3 - 20*k**2 + 7*k + 404. Determine d(-19).
-90
Let n(c) = 82663*c - 1. What is n(0)?
-1
Let z(a) = -6*a**3 + 80*a**2 + 143*a + 87. Determine z(15).
-18
Let n(l) = -3*l**2 - 622*l + 4396. What is n(7)?
-105
Let a(o) = o**3 - 13*o**2 - 100*o - 99. Determine a(17).
-643
Let f(s) = 8117*s - 8116. Calculate f(1).
1
Let z(k) = -2148*k + 281348. What is z(131)?
-40
Let q(r) = 10196*r - 336232. Calculate q(33).
236
Let a(y) = -21*y**2 - 440*y - 808. What is a(-2)?
-12
Let n(x) = -2479*x + 61969. Calculate n(25).
-6
Let j(a) = a**2 + 29379*a - 117543. What is j(4)?
-11
Let b(z) = -z**3 + 3414*z**2 - 30652*z + 26. Determine b(9).
-37
Let u(q) = -19361*q + 193606. Give u(10).
-4
Let r(i) = -2819*i - 31056. Give r(-11).
-47
Let q(i) = 42115*i - 1726738. What is q(41)?
-23
Let p(s) = 492*s + 188855. Calculate p(-384).
-73
Let t(b) = -2124*b - 38122. Give t(-17).
-2014
Let s(a) = 442*a - 32586. What is s(73)?
-320
Let i(s) = -s**3 + 10*s**2 + 4*s - 123. Give i(10).
-83
Let v(q) = -q**2 - 70*q - 814. Calculate v(-48).
242
Let t(l) = -22*l**2 - 5310*l + 3427. Calculate t(-242).
39
Let n(c) = -c**2 + 107*c - 1094. Determine n(91).
362
Let z(l) = -103*l**2 + 3366*l - 147. Calculate z(33).
-1236
Let p(u) = u**3 - 11*u**2 + 5803*u - 40544. Determine p(7).
-119
Let p(a) = -231*a**2 - 2933*a + 4184. Calculate p(-14).
-30
Let c(l) = -1879*l**2 + 10969*l + 1845. Calculate c(6).
15
Let n(d) = d**3 + 368*d**2 + 800*d - 107665. Give n(-365).
10
Let a(q) = 361*q - 6452. What is a(18)?
46
Let h(a) = -85*a**3 + 341*a**2 + 348*a - 1415. Calculate h(4).
-7
Let l(v) = -2108*v + 29305. Give l(14).
-207
Let l(x) = -23*x**2 + 8426*x - 8427. Give l(1).
-24
Let m(y) = 49*y**2 + 50*y - 500. Determine m(-4).
84
Let g(c) = -2*c**3 - 72*c**2 + 273*c + 449. What is g(-39)?
-1072
Let t(i) = 39712*i - 436838. Determine t(11).
-6
Let u(n) = -n**3 + 65*n**2 - 67*n - 7402. Give u(62).
-24
Let g(h) = 141*h**3 - 48642*h**2 - 1037*h + 693. What is g(345)?
3
Let b(v) = -12684*v - 75689. Determine b(-6).
415
Let o(v) = -v**3 - 99*v**2 - 413*v - 20808. What is o(-97)?
435
Let c(v) = -2212*v + 2205. What is c(1)?
-7
Let o(c) = 4*c**3 - 331*c**2 - 421*c + 93. Calculate o(84).
9
Let f(w) = w**3 - 99*w**2 + 752*w - 74440. What is f(99)?
8
Let q(r) = r**3 - 69*r**2 + 960*r - 32. Determine q(25).
-3532
Let q(n) = n**2 + 59*n + 189. Give q(-29).
-681
Let q(i) = -i**3 + 107*i**2 + 1187*i + 159. What is q(-10)?
-11
Let s(q) = q**3 + 149*q**2 - 1620*q - 4759. Determine s(-159).
11
Let m(l) = -163*l**2 - 22162*l + 330. Calculate m(-136).
-486
Let c(x) = -1707*x + 49506. Determine c(29).
3
Let i(s) = -20512*s + 533318. What is i(26)?
6
Let q(w) = w**3 + 11144*w**2 - 89226*w + 50. Give q(8).
-30
Let j(g) = g**3 - 42*g**2 - 284*g + 3088. Give j(47).
785
Let s(k) = -4*k**3 - 415*k**2 + 2276*k - 1668. Give s(-109).
-251
Let g(j) = 7*j**2 - 2686*j - 8057. Give g(-3).
64
Let x(b) = 36*b**2 + 10119*b + 775. What is x(-281)?
-68
Let h(c) = -331896*c - 331800. Determine h(-1).
96
Let d(t) = 2957*t**2 - 20682*t - 25. Give d(7).
94
Let p(v) = v**3 - 188*v**2 - 2410*v + 2005. Give p(200).
5
Let p(y) = 1631*y**2 - 8291*y - 8290. What is p(-1)?
1632
Let o(d) = 4142*d + 24830. Calculate o(-6).
-22
Let l(z) = -1371806*z - 5487210. Determine l(-4).
14
Let i(c) = -2*c**2 + 294009*c + 882039. Give i(-3).
-6
Let o(x) = 2*x**3 - 277*x**2 - 434*x + 885. Calculate o(140).
-1075
Let u(d) = -3*d**2 - 824*d - 10960. Give u(-14).
-12
Let r(d) = 17*d**3 - 34*d**2 - 27*d + 76. What is r(3)?
148
Let x(v) = -388*v + 4072. Give x(12).
-584
Let h(f) = 7174*f + 581097. Give h(-81).
3
Let r(t) = -3*t**2 - 341*t - 3600. Calculate r(-102).
-30
Let u(i) = -14564*i + 2505021. What is u(172)?
13
Let i(c) = c**2 + 178*c - 417. Give i(-174).
-1113
Let i(x) = 321*x**2 - 5150*x + 219. Determine i(16).
-5
Let w(o) = 466*o + 18824. Give w(-45).
-2146
Let n(w) = 14*w**2 + 110*w - 260. What is n(2)?
16
Let r(t) = -2*t**3 + 397*t**2 - 577*t - 2837. Give r(197).
-79
Let y(a) = 273*a + 25164. Determine y(-92).
48
Let v(z) = 59*z**2 + 1327*z + 3973. What is v(-3)?
523
Let p(i) = -2887*i - 14189. What is p(-5)?
246
Let n(h) = -11*h**2 - 7624*h + 38069. Determine n(5).
-326
Let p(w) = -w**2 - 654*w - 83200. What is p(-481)?
13
Let f(v) = -3*v**3 + 12*v**2 - 276*v + 1113. Give f(4).
9
Let f(i) = -6373*i - 44561. Calculate f(-7).
50
Let r(u) = -u**3 + 3272*u**2 - 74731*u + 104. What is r(23)?
12
Let v(d) = -d**3 - 37*d**2 + 267*d + 372. Determine v(-43).
-15
Let j(q) = 5258*q + 141959. Give j(-27).
-7
Let i(a) = a**3 - 278*a**2 - 5952*a - 2380. Calculate i(298).
4
Let r(a) = -162*a**3 + 20*a**2 + 13*a - 8. Calculate r(-1).
161
Let d(u) = -97*u**3 - 598*u**2 - 92*u + 60. What is d(-6)?
36
Let l(c) = -14*c**2 - 2147*c - 2837. Determine l(-152).
51
Let n(o) = 95*o - 4223. Determine n(44).
-43
Let a(u) = -5*u**2 + 2758*u + 3874. What is a(553)?
3
Let y(g) = 99307*g + 198618. What is y(-2)?
4
Let v(o) = -2*o**3 - 122*o**2 + 2845*o + 88. What is v(-79)?
9
Let v(k) = -3*k**3 - 8*k**2 - 19*k - 218. What is v(-9)?
1492
Let x(d) = -d**3 + 123*d**2 + 1615*d + 977. Give x(135).
302
Let t(r) = 176*r + 15757. What is t(-82)?
1325
Let a(d) = -25*d**3 + 105*d**2 + 327*d + 8. Give a(-3).
647
Let y(a) = 41*a + 428. Give y(-12).
-64
Let a(r) = 4*r**2 - 786*r + 32297. Give a(138).
5
Let i(b) = 21076*b - 8198581. Determine i(389).
-17
Let z(u) = -32903*u - 66155. Calculate z(-2).
-349
Let b(r) = r**3 + 81*r**2 - 1545*r + 628. Give b(-97).
-51
Let n(q) = 5291*q - 58023. Calculate n(11).
178
Let z(n) = 7*n**3 + 217*n**2 + 1538*n + 17. Determine z(-20).
57
Let u(x) = -5*x**3 + 18*x**2 - 109*x + 470. Give u(4).
2
Let v(q) = 26*q**3 - 1745*q**2 + 182*q + 125. Determine v(67).
-1148
Let m(u) = -45*u**3 - 43*u**2 + u - 10. What is m(0)?
-10
Let n(g) = -4*g**3 - 236*g**2 - 226*g + 346. Give n(-58).
-2
Let c(t) = -t**2 + 6742*t + 101313. Determine c(-15).
-42
Let m(c) = c**2 - 5270*c - 121592. Give m(-23).
147
Let f(b) = 53*b**2 - 498*b + 550. What is f(7)?
-339
Let x(n) = 9*n**3 + 112*n**2 - 19*n + 108. What is x(-12)?
912
Let h(q) = 267688*q - 1873824. Give h(7).
-8
Let c(k) = -103*k - 35980. What is c(-390)?
4190
Let h(d) = d**3 + 41*d**2 + 1823*d + 53884. Give h(-34).
-6
Let t(p) = -55*p**2 - 19700*p - 3576. Determine t(-358).
4
Let h(n) = 928*n**2 + 23194*n - 237. Calculate h(-25).
-87
Let s(p) = 5*p**2 - 16194*p + 353845. Give s(22).
-3
Let y(s) = -2*s**2 + 12573*s - 2115298. Determine y(173).
-27
Let f(s) = -33*s**2 + 2489*s - 3437. Give f(74).
41
Let v(k) = 11715*k**2 + 503745*k + 14. What is v(-43)?
14
Let z(x) = 8*x**2 + 709*x - 1726. Calculate z(-91).
3
Let x(o) = -o**3 + 51*o**2 - 316*o + 126. Calculate x(44).
-226
Let w(k) = 4*k**3 - 15*k**2 - 111*k + 82. Calculate w(6).
-260
Let n(m) = -m**3 + 16*m**2 + 156*m - 472. Calculate n(22).
56
Let a(b) = -13*b + 243. Give a(-32).
659
Let w(t) = t**3 + 47*t**2 + 4035*t + 40031. Determine w(-11).
2
Let h(x) = -2*x**2 - 409831*x + 819668. Determine h(2).
-2
Let v(i) = -13100*i + 5925. Determine v(0).
5925
Let k(j) = -j**3 + 139*j**2 - 776*j - 46. Give k(133).
2880
Let o(q) = 12253*q + 134809. Determine o(-11).
26
Let v(p) = -2*p**3 + 171*p**2 - 739*p + 26829. Give v(83).
-63
Let q(o) = -14*o**2 - 35245*o + 1250717. Determine q(35).
-8
Let m(b) = -3*b**2 - 4602*b - 95322. Determine m(-21).
-3
Let n(d) = d**3 + 52*d**2 + 93*d - 7. Determine n(-50).
343
Let s(m) = 21*m**2 + 1192*m - 234. What is s(-57)?
51
Let k(r) = -11*r**2 + 198*r + 589. What is k(-3)?
-104
Let j(v) = -24*v**3 + 3071*v**2 + 119*v + 1145. What is j(128)?
-7
Let b(i) = 9*i**2 - 1961*i + 1770. Determine b(217).
34
Let c(i) = 2*i**2 + 61*i - 7538. Determine c(48).
-2
Let v(d) = d**2 + 8122*d - 97636. Give v(12